95 + 21. Let d = 2437 - 2434. Suppose d*x = 5*x - c. What is the tens digit of x?
0
Suppose -2*j - j + 23 = 2*i, 35 = 3*i + 5*j. Let s(x) = -x**2 + 6*x + 9. Let c be s(i). Let h = 124 - c. What is the tens digit of h?
5
Let v = 37525 - -2576. What is the tens digit of v?
0
Suppose -3*x - 5*v + 178 = 0, v + 54 = -x + 2*x. What is the hundreds digit of (-3 - x/(-12))/(1/321)?
5
What is the tens digit of -27*15/(-135) + 7*471?
0
Let f be 2408/32 - (-6)/8. Let r = -43 + f. Suppose -5*o = r - 573. What is the units digit of o?
8
Let s(l) = 21*l**2 + 96*l - 1732. What is the ten thousands digit of s(38)?
3
Let t(r) = -294*r - 5841. What is the hundreds digit of t(-35)?
4
Let j be -7 + 3 - -4 - 11. Let f be j/(-3) - 14/21. Suppose -2*v + 116 = -f*g - 30, -3*v = 4*g - 253. What is the units digit of v?
9
Let o(j) = -j**2 + 5*j - 8. Let a be o(0). Let q = a + 90. What is the units digit of q?
2
Let p be 2/5 - 1820470/50. What is the units digit of (9/4 - 2) + p/(-92)?
6
Let x(s) = 14*s**2 - 21*s + 26. Let v be x(15). Suppose -v = -10*i + 1869. What is the tens digit of i?
7
Let g be (0 + 2)*49/(-2). Let v = g - -39. Let k(m) = -m**3 - 8*m**2 + 13*m + 18. What is the tens digit of k(v)?
8
Suppose 10 - 34 = -8*d. Suppose -q + d*g = -3*q - 21, -2*q + 2*g - 6 = 0. Let h(m) = m**3 + 9*m**2 + 5*m + 9. What is the units digit of h(q)?
7
Suppose -g + 760 = -0*g. Let a = -9833 - -9840. Suppose -2*j - g = 2*f - a*f, 0 = 5*f - j - 755. What is the units digit of f?
0
Let h(n) = -n**3 + 18*n**2 + 38*n + 2. Suppose u - t - 14 = 0, 0 = 5*u + 3*t - 87 - 15. What is the tens digit of h(u)?
8
Let t(v) = -5*v**2 + 3*v**2 - 4*v**2 - 6*v**2 - v + 3. Let u be t(-2). Let y = u + 71. What is the tens digit of y?
2
Let m(c) be the first derivative of c**4/4 + 10*c**3/3 - c**2/2 - 7*c - 7. Let f be (-6 - 0)*(-12 - (-81)/6). What is the tens digit of m(f)?
8
Suppose -121*r + 3505598 + 2040679 = 0. What is the thousands digit of r?
5
What is the tens digit of -4 - ((-168)/(-12) - 52528)?
1
Let k be 0 + -1 + (-8 - -7). Let o be ((-1632)/(-238))/(k*2/(-182)). Suppose -5*d - 4*z + 1058 = 314, 2*d = 2*z + o. What is the units digit of d?
2
Suppose 130*x - 131*x + 354 = 0. Let z = x + -228. What is the units digit of z?
6
Suppose 202*f = -165*f - 66*f + 21876892. What is the ten thousands digit of f?
5
Suppose 21*h - 17*h - 11772 = -2*b, -2*b + 11766 = -2*h. What is the tens digit of b?
8
Let y(a) = a**2 + 2. Let t(b) = -82*b**2 - 10*b - 31. Let m(v) = -t(v) - 5*y(v). What is the units digit of m(-2)?
9
Let a(q) = q**2 - 7*q + 7. Let p = 15 + -7. Let h = 4 + p. What is the tens digit of a(h)?
6
Let f = 19559 + -8097. What is the units digit of f?
2
Let g(h) = -2*h + 30. Let l be g(12). Suppose 0 = l*n - 20*n + 2506. Let c = n - 6. What is the hundreds digit of c?
1
Let l(k) = 10*k + 32. Let j = -186 - -191. What is the units digit of l(j)?
2
Let s be 155*(6/(-12) - (-5)/2). Suppose z + 4*z = s. Suppose 5*f + z = j, -3*j + 2*f + f + 126 = 0. What is the tens digit of j?
3
Let r be (-6)/4*40/(-30). Suppose -6*x + 2*x = r*i - 1110, 5*x - 1415 = 3*i. Let d = x - 185. What is the units digit of d?
5
Let h = 20 - 17. Suppose h*q + 4*g - 79 = 0, 7*q - 2*q - 123 = 2*g. Suppose q + 67 = 2*z. What is the tens digit of z?
4
Let f = -181 - -183. Let p(r) = 15*r**3 - 2*r**2 + 5*r - 9. What is the units digit of p(f)?
3
Let l be 60/(-18)*(-36)/15. Suppose 15 = -13*w + l*w, h - 461 = w. What is the tens digit of h?
5
Let g(y) = 4*y**2 + 3*y + 2. Let j be g(-1). Let m be j + -3 - (1 + -3). What is the units digit of (-2)/(-8) - (m + (-494)/8)?
0
What is the thousands digit of 14/3*(9 + -5 + (-5485)/(-5))?
5
Let u(g) = 359*g**2 + 63*g - 73. What is the hundreds digit of u(-7)?
0
Let n be 14 + -2 + 3/(3 - 6). Suppose n*c - 16*c + 200 = 0. What is the units digit of c?
0
Suppose 7*a = 18*a - 847. Suppose a*s - 677 = 76*s. What is the tens digit of s?
7
Let b = -12 + 11. Let h be (b + -2)*6/(-1 - 5). Let r(q) = 21*q - 6. What is the tens digit of r(h)?
5
Let j(u) = 21*u**2 + 39. Let x be j(-6). What is the hundreds digit of x/3 - (-9 - -15)?
2
Let t(p) = 24*p**2 + 3*p + 2922. What is the units digit of t(48)?
2
Let c = 31429 + -18474. What is the tens digit of c?
5
Let b(i) = -i**3 - 15*i**2 - 2. Let q be b(-15). Let d be -33 + 4 + (-6)/q. What is the units digit of (-1036)/d + (-26)/(-169)?
0
Suppose 13 = 11*q - 306. Suppose q*w - 1937 = 2123. What is the units digit of w?
0
Suppose 4216 = -0*r + 4*r. Let y(m) = -m + m**3 + 1062*m**2 - r*m**2 + 10*m - 6. What is the tens digit of y(-6)?
1
Suppose -2113*u - 227610 = -2123*u. What is the hundreds digit of u?
7
Let m(y) = 2*y**2 - 51*y - 7. Let x(z) = z**2 - 26*z - 4. Let t(l) = -4*m(l) + 9*x(l). Let d be t(21). Let s = d + 381. What is the hundreds digit of s?
1
Let p be (-1)/((-2)/8) - (10 - 8). Let g be (5 - p) + -3 + 94. Let m = g - 46. What is the tens digit of m?
4
Suppose -k = 2*f - 330, k + f = -24 + 359. Let u = -1184 - k. What is the units digit of u/(-54) + -7 - (-4)/(-18)?
1
Suppose 0 = -5*d + 1056 + 2729. What is the hundreds digit of d?
7
Let t = -23 + 21. Let k be (28/8 + t)/((-1)/262). Let g = -213 - k. What is the units digit of g?
0
Let g be 13 + (15 - 22) + -35. Let m(o) = o**3 + 9*o**2 + 4. Let v be m(-6). Let w = g + v. What is the units digit of w?
3
What is the ten thousands digit of 4 + 27379 + (17 - 16/1)?
2
What is the hundreds digit of ((-42)/6 + 3 + 3)/((-18)/546642)?
3
Suppose 0 = -4*b + 562 - 458. Suppose -b*x = -32*x + 7104. What is the tens digit of x?
8
Suppose -141*s - 8 = -149*s. What is the tens digit of s*(0 + 16) - -6?
2
Let b = -68 - -68. Suppose b = 6*d - 36. What is the units digit of -1 - 25/(-15) - (-548)/d?
2
Let j(k) = 1359*k**3 - 7*k**2 - 75*k + 252. What is the thousands digit of j(3)?
6
Let r = -442 - -450. Suppose r*h + 1173 = 8013. What is the hundreds digit of h?
8
Suppose -u + 31 = -5*s, 3*s - 15 = u - 6*u. Suppose 0 = 2*y - 4 - u. Suppose j = y*f - j - 235, -3*j = 15. What is the units digit of f?
5
Let u be 6/(-4)*(-46)/23. Suppose 0 = -u*c - 12, -s + 6*c - 4*c = -10. Suppose -s*h + 7*h - 60 = 0. What is the tens digit of h?
1
Let j = 355 - 344. Suppose -270 = -41*h + j*h. What is the units digit of h?
9
Suppose -1703 = 5*b + 5252. What is the tens digit of (0 + 1)/((-1)/b)?
9
Let n(p) = 7*p**3 - 3*p + 3. Let x(o) = 9*o + 52. Let l be x(-6). Let a be l/7 - (-10)/(210/27). What is the units digit of n(a)?
7
Let x be (0 + 0 - -3)/(150/200). Suppose -3*t - 203 = -2*y + 661, 3*y = x*t + 1298. What is the hundreds digit of y?
4
Let w be 16/(-48)*(-1)/1*-3. Let g be 501 + w/(-4)*(1 + 3). Suppose -13*x + 11*x = -g. What is the hundreds digit of x?
2
Suppose -8*h = -12*h + 2628. Let c = h + 14. What is the hundreds digit of c?
6
Let b(n) = -10*n + 22*n - 35*n**2 + 34*n**2 - 6. Let f = -7 + 12. What is the units digit of b(f)?
9
Suppose 0 = -4*u + h - 0*h + 133, 10 = -2*h. Let r = -24 + u. Suppose -3*q = -r*q + 370. What is the units digit of q?
4
Suppose 3 = -c + 3*s, 0 = 2*s + 2*s - 4. Suppose 5*i - 1800 = -b - 4*b, c = 5*b - 5*i - 1800. What is the units digit of b?
0
Suppose -2*r = -n - 3, n = r + 2*r - 6. Let f be ((2619/(-6))/9)/(n/(-30)). Suppose -f = -3*u + d, 0 = -u - 2*d + 60 + 104. What is the tens digit of u?
6
Suppose 66*t = -11196 + 796794. What is the ten thousands digit of t?
1
Let q(t) = t**2 + 12*t - 35. Let l be q(3). What is the units digit of (-48 - 0)*l/(-15)?
2
Let z = -6157 - -13220. What is the thousands digit of z?
7
Let j(n) = -9*n**3 - 26*n**2 - 70*n + 81. What is the ten thousands digit of j(-14)?
2
Let j be 34/8 + 19/(-76). Let h = j + 1. Suppose h*i - a + 2*a - 384 = 0, 3*i = 5*a + 208. What is the units digit of i?
6
Let c = 880 + -323. Let d = c + 4. What is the units digit of d?
1
Suppose -3*p - 62 - 19 = 0. Let o be ((-4)/6)/((-3)/p*-2). Suppose 150 = o*l - 144. What is the tens digit of l?
9
Suppose -17*k = -16*k - 24. Suppose k*l - 2213 = 3739. What is the hundreds digit of l?
2
Let o = 136 + -103. Let r = o - 26. Suppose 82 = -r*h + 9*h + k, -5*k = 0. What is the units digit of h?
1
Let u be 0/(-4*(10/4)/5). Suppose -4*b + 5*v - 13 = 0, u*b - 2*v = b - 13. Suppose 0 = 2*q + 2*q + 12, b*q = -3*s + 384. What is the hundreds digit of s?
1
What is the units digit of 1 + (-